{"id":102,"date":"2011-12-30T21:38:24","date_gmt":"2011-12-30T20:38:24","guid":{"rendered":"http:\/\/n.bialeta.pl\/wordpress\/?page_id=102"},"modified":"2018-10-31T21:02:20","modified_gmt":"2018-10-31T20:02:20","slug":"tur-bt-2","status":"publish","type":"page","link":"https:\/\/bialeta.pl\/wordpress\/endoskopia\/tur-bt-2","title":{"rendered":"TUR-BT"},"content":{"rendered":"<p><\/p>\n<p style=\"text-align: justify;\"><strong>TUR-Bt<\/strong> (transurethral resection of the bladder tumor), przezcewkowa resekcja guza p\u0119cherza moczowego.<br \/>\nGuz p\u0119cherza moczowego to jedna z najcz\u0119stszych patologii onkologicznych w codziennej praktyce urologicznej. Pierwszym objawem jest najcz\u0119\u015bciej bezb\u00f3lowy krwiomocz. Og\u00f3lnie guzy nowotworowe p\u0119cherza mo\u017cna podzieli\u0107 na dwie kategorie &#8211; guzy powierzchowne i guzy naciekaj\u0105ce. Powierzchowne guzy p\u0119cherza moczowego stanowi\u0105 oko\u0142o 85% pierwotnych rozpozna\u0144 i cz\u0119sto s\u0105 wykrywane w przypadkowych badaniach ultrasonograficznych. Zasadnicz\u0105 r\u00f3\u017cnic\u0105 pomi\u0119dzy guzami powierzchownymi i naciekaj\u0105cymi jest g\u0142\u0119boko\u015b\u0107 naciekania \u015bciany p\u0119cherza przez nowotw\u00f3r, co w konsekwencji determinuje spos\u00f3b leczenia. Guzy powierzchowne (ograniczone do najbardziej powierzchownych warstw\u00a0 \u015bciany p\u0119cherza) mo\u017cna leczy\u0107 z zachowaniem p\u0119cherza, poprzez elektroresekcj\u0119, natomiast guzy naciekaj\u0105ce niestety trzeba leczy\u0107 usuwaj\u0105c p\u0119cherz moczowy.<\/p>\n<ul>\n<li>Zabieg TUR-Bt ma\u0142ego, egzofitycznego, uszyp\u0142u\u0142owanego i powierzchownego guza pTaG1 (A. Bia\u0142eta)<\/li>\n<\/ul>\n<p><center>[hana-flv-player video=&#8221;http:\/\/bialeta.pl\/turbt_01\/tur-bt.mp4&#8243;<br \/>\ndescription=&#8221;&#8221; width=&#8221;320&#8243; height=&#8221;240&#8243; player=&#8221;5&#8243; autoload=&#8221;false&#8221; autoplay=&#8221;false&#8221; loop=&#8221;false&#8221; autorewind=&#8221;false&#8221; \/]<\/center><\/p>","protected":false},"excerpt":{"rendered":"<p>TUR-Bt (transurethral resection of the bladder tumor), przezcewkowa resekcja guza p\u0119cherza moczowego. Guz p\u0119cherza moczowego to jedna z najcz\u0119stszych patologii onkologicznych w codziennej praktyce urologicznej. Pierwszym objawem jest najcz\u0119\u015bciej bezb\u00f3lowy krwiomocz. Og\u00f3lnie guzy nowotworowe p\u0119cherza mo\u017cna podzieli\u0107 na dwie kategorie &#8211; guzy powierzchowne i guzy naciekaj\u0105ce. Powierzchowne guzy p\u0119cherza moczowego&#8230;<\/p>\n","protected":false},"author":1,"featured_media":0,"parent":177,"menu_order":0,"comment_status":"closed","ping_status":"closed","template":"","meta":{"ngg_post_thumbnail":0,"footnotes":""},"class_list":["post-102","page","type-page","status-publish","hentry"],"_links":{"self":[{"href":"https:\/\/bialeta.pl\/wordpress\/wp-json\/wp\/v2\/pages\/102","targetHints":{"allow":["GET"]}}],"collection":[{"href":"https:\/\/bialeta.pl\/wordpress\/wp-json\/wp\/v2\/pages"}],"about":[{"href":"https:\/\/bialeta.pl\/wordpress\/wp-json\/wp\/v2\/types\/page"}],"author":[{"embeddable":true,"href":"https:\/\/bialeta.pl\/wordpress\/wp-json\/wp\/v2\/users\/1"}],"replies":[{"embeddable":true,"href":"https:\/\/bialeta.pl\/wordpress\/wp-json\/wp\/v2\/comments?post=102"}],"version-history":[{"count":14,"href":"https:\/\/bialeta.pl\/wordpress\/wp-json\/wp\/v2\/pages\/102\/revisions"}],"predecessor-version":[{"id":2079,"href":"https:\/\/bialeta.pl\/wordpress\/wp-json\/wp\/v2\/pages\/102\/revisions\/2079"}],"up":[{"embeddable":true,"href":"https:\/\/bialeta.pl\/wordpress\/wp-json\/wp\/v2\/pages\/177"}],"wp:attachment":[{"href":"https:\/\/bialeta.pl\/wordpress\/wp-json\/wp\/v2\/media?parent=102"}],"curies":[{"name":"wp","href":"https:\/\/api.w.org\/{rel}","templated":true}]}}