{"id":1343,"date":"2014-01-11T01:24:01","date_gmt":"2014-01-11T00:24:01","guid":{"rendered":"http:\/\/n.bialeta.pl\/wordpress\/?page_id=1343"},"modified":"2018-10-31T21:43:29","modified_gmt":"2018-10-31T20:43:29","slug":"rekonstrukcja-wierzchniactwa","status":"publish","type":"page","link":"https:\/\/bialeta.pl\/wordpress\/artykuly\/rekonstrukcja-wierzchniactwa","title":{"rendered":"Rekonstrukcja wierzchniactwa"},"content":{"rendered":"<p><\/p>\n<p style=\"text-align: justify;\">Pacjent, niespe\u0142na 30 letni, z nieprawid\u0142owym uj\u015bciem cewki moczowej zg\u0142osi\u0142 si\u0119 pierwszy raz do urologa. Niepok\u00f3j chorego zbudzi\u0142 inny ni\u017c u r\u00f3wie\u015bnik\u00f3w wygl\u0105d pr\u0105cia, z tego powodu szuka\u0142 pomocy u lekarza. Konsultuj\u0105cy urolog rozpozna\u0142 wierzchniactwo i skierowa\u0142 chorego w celu wykonania rekonstrukcji pr\u0105cia i cewki moczowej. Dokumentacja fotograficzna obrazuje wad\u0119 przed i po korekcie chirurgicznej.<br \/>\nngg_shortcode_0_placeholder<\/p>\n<p><\/p>","protected":false},"excerpt":{"rendered":"<p>Pacjent, niespe\u0142na 30 letni, z nieprawid\u0142owym uj\u015bciem cewki moczowej zg\u0142osi\u0142 si\u0119 pierwszy raz do urologa. Niepok\u00f3j chorego zbudzi\u0142 inny ni\u017c u r\u00f3wie\u015bnik\u00f3w wygl\u0105d pr\u0105cia, z tego powodu szuka\u0142 pomocy u lekarza. Konsultuj\u0105cy urolog rozpozna\u0142 wierzchniactwo i skierowa\u0142 chorego w celu wykonania rekonstrukcji pr\u0105cia i cewki moczowej. Dokumentacja fotograficzna obrazuje wad\u0119&#8230;<\/p>\n","protected":false},"author":1,"featured_media":0,"parent":63,"menu_order":0,"comment_status":"closed","ping_status":"closed","template":"","meta":{"ngg_post_thumbnail":0,"footnotes":""},"class_list":["post-1343","page","type-page","status-publish","hentry"],"_links":{"self":[{"href":"https:\/\/bialeta.pl\/wordpress\/wp-json\/wp\/v2\/pages\/1343","targetHints":{"allow":["GET"]}}],"collection":[{"href":"https:\/\/bialeta.pl\/wordpress\/wp-json\/wp\/v2\/pages"}],"about":[{"href":"https:\/\/bialeta.pl\/wordpress\/wp-json\/wp\/v2\/types\/page"}],"author":[{"embeddable":true,"href":"https:\/\/bialeta.pl\/wordpress\/wp-json\/wp\/v2\/users\/1"}],"replies":[{"embeddable":true,"href":"https:\/\/bialeta.pl\/wordpress\/wp-json\/wp\/v2\/comments?post=1343"}],"version-history":[{"count":8,"href":"https:\/\/bialeta.pl\/wordpress\/wp-json\/wp\/v2\/pages\/1343\/revisions"}],"predecessor-version":[{"id":2106,"href":"https:\/\/bialeta.pl\/wordpress\/wp-json\/wp\/v2\/pages\/1343\/revisions\/2106"}],"up":[{"embeddable":true,"href":"https:\/\/bialeta.pl\/wordpress\/wp-json\/wp\/v2\/pages\/63"}],"wp:attachment":[{"href":"https:\/\/bialeta.pl\/wordpress\/wp-json\/wp\/v2\/media?parent=1343"}],"curies":[{"name":"wp","href":"https:\/\/api.w.org\/{rel}","templated":true}]}}