{"id":233,"date":"2012-01-02T22:47:12","date_gmt":"2012-01-02T21:47:12","guid":{"rendered":"http:\/\/n.bialeta.pl\/wordpress\/?page_id=233"},"modified":"2018-10-31T20:54:20","modified_gmt":"2018-10-31T19:54:20","slug":"litotrypsja-przezcewkowa","status":"publish","type":"page","link":"https:\/\/bialeta.pl\/wordpress\/endoskopia\/litotrypsja-przezcewkowa","title":{"rendered":"Litotrypsja przezcewkowa"},"content":{"rendered":"<p><\/p>\n<p style=\"text-align: justify;\">Litotrypsja przezcewkowa to procedura endoskopowa polegaj\u0105ca na rozkruszeniu i usuni\u0119ciu fragment\u00f3w kamienia z p\u0119cherza moczowego przez cewk\u0119 moczow\u0105. Zabieg rozpoczyna si\u0119 wprowadzeniem pod kontrol\u0105 wzroku (na wizji endoskopowej) litotryptera, czyli urz\u0105dzenia grubo\u015bci o\u0142\u00f3wka do p\u0119cherza moczowego przez cewk\u0119 moczow\u0105. Po osi\u0105gni\u0119ciu \u015bwiat\u0142a p\u0119cherza lokalizuje si\u0119 kamie\u0144 i rozpoczyna jego kruszenie. W zale\u017cno\u015bci od rodzaju energii u\u017cytej do dezintegracji z\u0142ogu litotryptery r\u00f3\u017cni\u0105 si\u0119 mi\u0119dzy sob\u0105 g\u0142\u00f3wnie t\u0105 cech\u0105, z\u0142\u00f3g skruszy\u0107 mo\u017cna laserem, ultrad\u017awi\u0119kami, elektrod\u0105 nap\u0119dzan\u0105 przez spr\u0119\u017cone powietrze, elektrod\u0105 elektrohydrauliczn\u0105. Obecnie najpopularniejsze s\u0105 urz\u0105dzenia laserowe i balistyczne (bez mo\u017cliwo\u015bci odsysania pokruszonych z\u0142og\u00f3w) oraz ultrad\u017awi\u0119kowe, pozwalaj\u0105ce na jednoczasowe kruszenie i odsysanie fragment\u00f3w kamienia (tak jak na filmie poni\u017cej). Operacja przeprowadzana jest w znieczuleniu przewodowym (&#8222;nak\u0142ucie kr\u0119gos\u0142upa&#8221;), w okresie pooperacyjnym utrzymywany jest cewnik w p\u0119cherzu i z regu\u0142y w kolejnym dniu po zabiegu cewnik jest usuwany, a pacjent opuszcza oddzia\u0142.<\/p>\n<li>Litotrypsja przezcewkowa (A. Bia\u0142eta).<\/li>\n<\/ul>\n<p><center>[hana-flv-player video=&#8221;http:\/\/bialeta.pl\/litotrypsja1\/litotrypsja1.flv&#8221;<br \/>\nwidth=&#8221;320&#8243; height=&#8221;240&#8243; description=&#8221;PCNL&#8221; player=&#8221;3&#8243;<br \/>\nautoload=&#8221;false&#8221; autoplay=&#8221;false&#8221; loop=&#8221;false&#8221; autorewind=&#8221;false&#8221;<br \/>\nmore_3=&#8221;top1=.\/wp-content\/uploads\/2012\/01\/copyright_by_ab.png|5|5&#8243;<br \/>\n\/]<\/center><\/p>","protected":false},"excerpt":{"rendered":"<p>Litotrypsja przezcewkowa to procedura endoskopowa polegaj\u0105ca na rozkruszeniu i usuni\u0119ciu fragment\u00f3w kamienia z p\u0119cherza moczowego przez cewk\u0119 moczow\u0105. Zabieg rozpoczyna si\u0119 wprowadzeniem pod kontrol\u0105 wzroku (na wizji endoskopowej) litotryptera, czyli urz\u0105dzenia grubo\u015bci o\u0142\u00f3wka do p\u0119cherza moczowego przez cewk\u0119 moczow\u0105. Po osi\u0105gni\u0119ciu \u015bwiat\u0142a p\u0119cherza lokalizuje si\u0119 kamie\u0144 i rozpoczyna jego kruszenie&#8230;.<\/p>\n","protected":false},"author":1,"featured_media":0,"parent":177,"menu_order":0,"comment_status":"closed","ping_status":"closed","template":"","meta":{"ngg_post_thumbnail":0,"footnotes":""},"class_list":["post-233","page","type-page","status-publish","hentry"],"_links":{"self":[{"href":"https:\/\/bialeta.pl\/wordpress\/wp-json\/wp\/v2\/pages\/233","targetHints":{"allow":["GET"]}}],"collection":[{"href":"https:\/\/bialeta.pl\/wordpress\/wp-json\/wp\/v2\/pages"}],"about":[{"href":"https:\/\/bialeta.pl\/wordpress\/wp-json\/wp\/v2\/types\/page"}],"author":[{"embeddable":true,"href":"https:\/\/bialeta.pl\/wordpress\/wp-json\/wp\/v2\/users\/1"}],"replies":[{"embeddable":true,"href":"https:\/\/bialeta.pl\/wordpress\/wp-json\/wp\/v2\/comments?post=233"}],"version-history":[{"count":7,"href":"https:\/\/bialeta.pl\/wordpress\/wp-json\/wp\/v2\/pages\/233\/revisions"}],"predecessor-version":[{"id":2076,"href":"https:\/\/bialeta.pl\/wordpress\/wp-json\/wp\/v2\/pages\/233\/revisions\/2076"}],"up":[{"embeddable":true,"href":"https:\/\/bialeta.pl\/wordpress\/wp-json\/wp\/v2\/pages\/177"}],"wp:attachment":[{"href":"https:\/\/bialeta.pl\/wordpress\/wp-json\/wp\/v2\/media?parent=233"}],"curies":[{"name":"wp","href":"https:\/\/api.w.org\/{rel}","templated":true}]}}