{"id":70,"date":"2011-12-30T12:40:47","date_gmt":"2011-12-30T11:40:47","guid":{"rendered":"http:\/\/n.bialeta.pl\/wordpress\/?page_id=70"},"modified":"2012-01-26T00:03:07","modified_gmt":"2012-01-25T23:03:07","slug":"multimedia","status":"publish","type":"page","link":"https:\/\/bialeta.pl\/wordpress\/multimedia","title":{"rendered":"Laparoskopia"},"content":{"rendered":"<p><\/p>\n<p style=\"text-align: justify;\"><strong>Laparoskopia<\/strong> to technika operacyjna pozwalaj\u0105ca na wykonywanie manipulacji wewn\u0105trz cia\u0142a z dost\u0119pu przez jam\u0119 otrzewnow\u0105. Narz\u0105dy przestrzeni wewn\u0105trzotrzewnowej s\u0105 dost\u0119pne bezpo\u015brednio, natomiast narz\u0105dy zewn\u0105trzotrzewnowe musz\u0105 zosta\u0107 wypreparowane spomi\u0119dzy narz\u0105d\u00f3w wewn\u0105trzotrzewnowych.<\/p>\n<p style=\"text-align: justify;\"><strong>Retroperitoneoskopia<\/strong> nieznacznie r\u00f3\u017cni si\u0119 laparoskopii, r\u00f3\u017cnica polega na tym, \u017ce w trakcie retroperitoneoskopii uzyskuje si\u0119 bezpo\u015bredni dost\u0119p do narz\u0105d\u00f3w przestrzeni zewn\u0105trzotrzewnowej (nerki, nadnercza, moczowody, prostata&#8230;) bez kontaktu z narz\u0105dami przestrzeni wewn\u0105trzotrzewnowej (jelita, w\u0105troba, \u015bledzona&#8230;). Dzi\u0119ki temu zminimalizowany jest ewentualny przypadkowy uraz narz\u0105d\u00f3w jamy otrzewnowej, szybszy jest r\u00f3wnie\u017c proces gojenia, ale zabieg jest trudniejszy technicznie ze wzgl\u0119du na mniejsz\u0105 przestrze\u0144 robocz\u0105.<\/p>\n<p style=\"text-align: justify;\">Laparoskopia\/retroperitoneoskopia polega na wziernikowaniu jam cia\u0142a z u\u017cyciem kamery, a preparowanie narz\u0105d\u00f3w w celu osi\u0105gni\u0119cia zamierzonego skutku odbywa si\u0119 pod kontrol\u0105 wzroku (kamera), za pomoc\u0105 cienkich, d\u0142ugich narz\u0119dzi wprowadzonych do jamy cia\u0142a poprzez tak zwane porty, czyli otwory w \u015bcianie jamy brzusznej o \u015brednicy od 5 do 15mm. Liczba wykonanych otwor\u00f3w zale\u017cy od wielko\u015bci usuwanego narz\u0105du oraz warunk\u00f3w anatomicznych i wynosi zwykle od 3 do 5. Aby m\u00f3c przeprowadzi\u0107 leczenie operacyjne w technice laparoskopowej\/retroperitoneoskopowej wn\u0119trze jamy cia\u0142a musi zosta\u0107 wype\u0142nione gazem (dwutlenkiem w\u0119gla), co pozwala na uzyskanie niezb\u0119dnej przestrzeni w celu manipulacji narz\u0119dziami chirurgicznymi. Po wypreparowaniu i wyci\u0119ciu chorej tkanki z jej naturalnej, anatomicznej pozycji nale\u017cy j\u0105 usun\u0105\u0107 z wn\u0119trza cia\u0142a. W zale\u017cno\u015bci od wielko\u015bci chorego narz\u0105du, wykonuje si\u0119 wi\u0119ksze lub mniejsze naci\u0119cie z regu\u0142y poszerzaj\u0105c ci\u0119cie, przez kt\u00f3re uprzednio wprowadzono jeden z\u00a0 trokar\u00f3w, po wcze\u015bniejszym zamkni\u0119ciu chorego narz\u0105du w woreczku ze specjalnej folii. Po usuni\u0119ciu narz\u0105du lub jego fragmentu kontroluje si\u0119 jeszcze miejsca mog\u0105ce spowodowa\u0107 krwotok i je\u015bli nie stwierdza si\u0119 krwawienia usuwa si\u0119 trokary, a\u00a0rany zaszywa. Podobnie wygl\u0105daj\u0105 laparoskopowe\/retroperitoneoskopowe zabiegi rekonstrukcyjne, w takim jednak przypadku nie ma konieczno\u015bci usuwania narz\u0105d\u00f3w na zewn\u0105trz cia\u0142a. W niekt\u00f3rych przypadkach pozostawia si\u0119 dren wewn\u0105trz jamy cia\u0142a w celu kontroli i odprowadzenia ewentualnej wydzieliny lub krwi wynaczynionej podczas zabiegu. Po operacji w cewce moczowej mo\u017ce pozosta\u0107 cewnik przez kilku dni, czasami w dniu zabiegu wprowadza si\u0119 do nerki dodatkowy cienki cewnik pozwalaj\u0105cy na swobodny sp\u0142yw moczu z nerki.<\/p>\n<p><\/p>","protected":false},"excerpt":{"rendered":"<p>Laparoskopia to technika operacyjna pozwalaj\u0105ca na wykonywanie manipulacji wewn\u0105trz cia\u0142a z dost\u0119pu przez jam\u0119 otrzewnow\u0105. Narz\u0105dy przestrzeni wewn\u0105trzotrzewnowej s\u0105 dost\u0119pne bezpo\u015brednio, natomiast narz\u0105dy zewn\u0105trzotrzewnowe musz\u0105 zosta\u0107 wypreparowane spomi\u0119dzy narz\u0105d\u00f3w wewn\u0105trzotrzewnowych. Retroperitoneoskopia nieznacznie r\u00f3\u017cni si\u0119 laparoskopii, r\u00f3\u017cnica polega na tym, \u017ce w trakcie retroperitoneoskopii uzyskuje si\u0119 bezpo\u015bredni dost\u0119p do narz\u0105d\u00f3w przestrzeni&#8230;<\/p>\n","protected":false},"author":1,"featured_media":0,"parent":0,"menu_order":0,"comment_status":"closed","ping_status":"closed","template":"","meta":{"ngg_post_thumbnail":0,"footnotes":""},"class_list":["post-70","page","type-page","status-publish","hentry"],"_links":{"self":[{"href":"https:\/\/bialeta.pl\/wordpress\/wp-json\/wp\/v2\/pages\/70","targetHints":{"allow":["GET"]}}],"collection":[{"href":"https:\/\/bialeta.pl\/wordpress\/wp-json\/wp\/v2\/pages"}],"about":[{"href":"https:\/\/bialeta.pl\/wordpress\/wp-json\/wp\/v2\/types\/page"}],"author":[{"embeddable":true,"href":"https:\/\/bialeta.pl\/wordpress\/wp-json\/wp\/v2\/users\/1"}],"replies":[{"embeddable":true,"href":"https:\/\/bialeta.pl\/wordpress\/wp-json\/wp\/v2\/comments?post=70"}],"version-history":[{"count":26,"href":"https:\/\/bialeta.pl\/wordpress\/wp-json\/wp\/v2\/pages\/70\/revisions"}],"predecessor-version":[{"id":73,"href":"https:\/\/bialeta.pl\/wordpress\/wp-json\/wp\/v2\/pages\/70\/revisions\/73"}],"wp:attachment":[{"href":"https:\/\/bialeta.pl\/wordpress\/wp-json\/wp\/v2\/media?parent=70"}],"curies":[{"name":"wp","href":"https:\/\/api.w.org\/{rel}","templated":true}]}}